= -2*p + 3*p. Let k = -1185 - -1189. Calculate the greatest common factor of p and k.
2
Let u(y) = -14*y. Let o be u(-1). Let c = -235 - -281. Suppose -c*d - 63 = -55*d. What is the highest common divisor of o and d?
7
Suppose -4*l + 5*d = 1, 2*d - 6 = 3*l - 0*d. Let y be (84/(-15))/(l/30). Calculate the highest common factor of 21 and y.
21
Let v be -3*(-10)/45 - (0 - (-340)/(-12)). What is the highest common divisor of v and 116?
29
Let x be 6/(-20)*2 + 2380/50. Suppose -4*m = -2*y - 6, -m - 3 + 0 = -2*y. Let u be (y + -7 - -235) + (-4)/(-1). What is the highest common factor of u and x?
47
Let i = -1523 + 1627. Suppose -7*s + 64 = -i. Suppose -3*l = l - 128. What is the greatest common divisor of s and l?
8
Suppose -2*t + 7*t - 3*w = -40, -4*t - 3*w = 32. Let n(m) = -15*m - 50. Let a be n(t). What is the greatest common factor of 126 and a?
14
Let k = 2784 - 2773. What is the highest common divisor of 1793 and k?
11
Suppose -3*p - n = -173941, -4*p + 5*p - 57978 = 2*n. What is the greatest common factor of p and 223?
223
Suppose 13*z - 5230 - 1912 = 1308. What is the greatest common divisor of z and 104?
26
Let y = -352 - 57. Let k = y + 433. Calculate the highest common factor of 156 and k.
12
Let z(l) = -l - 12. Let f be 0 + 3 - (-20 + 17). Let k be z(f). Let b = k - -70. What is the highest common divisor of b and 65?
13
Let y(m) = 4*m**3 + 14*m**2 + 31*m - 86. Let o be y(10). Calculate the greatest common factor of o and 152.
152
Let o(c) = c**2 - 14*c + 97. Let g be o(-5). What is the greatest common divisor of g and 984?
24
Suppose -5*p = -p + 2*v - 1486, -5*v - 749 = -2*p. Let l = -5299 + 5302. What is the greatest common factor of l and p?
3
Let v(m) = -m + 26. Let y = 349 + -367. Let d be v(y). What is the highest common factor of 308 and d?
44
Suppose 4*z = 4, -123 - 2 = -5*f - 5*z. Let r be (2 - 90/f)*-32. Calculate the greatest common factor of r and 84.
28
Let b = 126 + -51. Suppose 7*w - 9*w + 132 = 0. Let u = b - w. Calculate the highest common divisor of 15 and u.
3
Suppose -3*c + 2*m + 1620 = 0, 14*c + 26*m - 7560 = 22*m. Let g(u) = u**2 + 7*u + 12. Let j be g(-8). Calculate the greatest common divisor of j and c.
20
Suppose 2*p - 28 = -2*m - 2*p, 0 = 2*m + 2*p - 38. Let d = -4 + 2. Let n be (312/(-65))/(d/15). Calculate the greatest common divisor of n and m.
12
Suppose -5*w = 5, -5*k + 1215 = -3*w - 1468. What is the highest common divisor of k and 603?
67
Suppose -3*i - 13 = -5*m, 3*m + 3*i = 31 - 4. Suppose p + p = 5*d - 80, m*d - 85 = 3*p. Calculate the highest common divisor of d and 448.
14
Let b be (-6 + -13)*4/12*-6. Calculate the highest common divisor of 817 and b.
19
Let p = -15899 + 16417. What is the greatest common factor of p and 532?
14
Suppose k + 5*s + 26 = 5*k, -4*k + 12 = 2*s. Suppose 16*z + r = 20*z - 1061, -k*z = -3*r - 1071. Calculate the greatest common factor of z and 88.
88
Suppose 8*v - 207 = 185. Let p be 14 - (0 + -2 + 2). Let b = v - p. What is the greatest common factor of 5 and b?
5
Suppose 6*a - 20 = a. Suppose i + u = 2*i - 66, 4*i - u = 273. Let h = i + -65. What is the highest common divisor of a and h?
4
Let l = -45 - -38. Let a(d) = d**2 + 6*d - 5. Let o be a(l). Let h(x) = 20*x. Let y be h(o). What is the highest common divisor of y and 8?
8
Suppose -14301 = -5*a + 25*n - 22*n, -3*a + 8589 = n. What is the greatest common factor of 530 and a?
106
Suppose -86 = -u + 4*o, 0*u + o - 271 = -3*u. Suppose 5*r - 122 = -32. What is the highest common divisor of r and u?
18
Let k be -1*(3 + 0)*(-236)/(-3). Let y = k - -376. Let z be (16/(-6))/((-8)/60). What is the highest common divisor of y and z?
20
Let r(o) = -3*o**2 - 4*o - 4. Let a be r(-1). Let u(b) = -3*b**3 - 2*b**2 + 5*b + 4. Let x be u(a). What is the greatest common factor of x and 104?
52
Let l(x) = x**3 + 5*x**2 + 54*x + 497. Let w be l(-7). What is the greatest common factor of w and 1059?
3
Let n = -88 + 417. Let d be -1*1 + (-3504)/(-73). Calculate the greatest common factor of n and d.
47
Let p = -56 - -83. Let l = -612 - -616. Let j be (l/6)/((-20)/(-810)). Calculate the greatest common factor of p and j.
27
Let a be 2/((246/(-1248))/(-41)). What is the highest common factor of 806 and a?
26
Let j(g) = -g + 48. Let i be j(8). Let w = 58 + -53. What is the greatest common factor of w and i?
5
Let p(y) = 51*y**2 - 13*y - 29. Let t be p(-3). Suppose -4*o + 65 = 37. What is the greatest common divisor of t and o?
7
Let i(l) = l**3 - 2*l**2 + 11*l - 12. Let g = 172 + -169. Let k be i(g). Calculate the greatest common divisor of k and 40.
10
Let f = -21952 - -22256. What is the highest common factor of f and 5092?
76
Suppose -3960 = -302*i + 262*i. Let b(w) = w**3 - 3*w**2 - w - 3. Let f be b(4). What is the greatest common factor of f and i?
9
Suppose 0 = 133*k - 97208 - 86332. What is the highest common factor of k and 105?
15
Let c = -261 + 657. Calculate the greatest common factor of c and 48.
12
Suppose -h + 4*n + 10 = -12, -4*n + 68 = 4*h. Let t be (-3560)/(-4) + h/(30/5). What is the greatest common factor of 47 and t?
47
Let x = 38057 - 38014. Calculate the highest common divisor of 27434 and x.
43
Let o(r) = 5655*r**3 + 6*r**2 - 19*r + 14. Let v be o(1). Calculate the greatest common divisor of v and 56.
56
Let v = 1708 - 1657. What is the greatest common divisor of 1632 and v?
51
Suppose 0 = -2*y - 8*y + 420. Let x be 7/(y/4)*(-594)/(-4). Suppose -13 = -4*u + 23. What is the highest common factor of u and x?
9
Let i be ((4 - -15) + 2)*(-192)/(-56). Calculate the highest common divisor of 648 and i.
72
Let s be (10/(-1) + 4)/(-1 - 2). Suppose b - 6*b - 1195 = -5*g, -5*g + s*b = -1207. Calculate the highest common divisor of 27 and g.
27
Suppose -85*l = -123*l + 27778. What is the highest common divisor of l and 215?
43
Suppose 4*v = -4, -22*v = -5*c - 23*v + 5129. Calculate the greatest common divisor of c and 108.
54
Suppose 36*x + 163760 = 76*x. What is the greatest common factor of x and 46?
46
Suppose 8*y - 13*y - 3*c + 198 = 0, 0 = 2*y - 4*c - 48. Calculate the greatest common factor of 33 and y.
3
Let c(n) = -n**2 + 7*n + 5. Let p be c(4). Suppose p*m - 98 = 38. What is the highest common divisor of 3 and m?
1
Suppose 0 = -2*u - 4 + 10. Suppose -u*n + 4*n - 342 = 0. Suppose -4*q + n = -k - k, k = -3. What is the greatest common factor of 21 and q?
21
Let r be (-56)/(-12)*-1*(-18)/4. Suppose 0 = 2*a - 2247 + 513. Suppose a = 7*w - 162. What is the highest common factor of w and r?
21
Suppose -473 = -3*y - i - 93, -5*y - 4*i = -645. Let t = y + -101. Calculate the highest common factor of 72 and t.
24
Let k = -45512 + 45702. Let j = -11 - -41. Calculate the highest common factor of j and k.
10
Suppose 0 = -2*c + 473 - 29. Let k = c + -191. Calculate the highest common factor of 341 and k.
31
Let k = 775 + -770. Suppose 7*h = -4*j + 3*h + 92, k*h = 4*j - 83. What is the greatest common factor of j and 1166?
22
Let z = -100 + 297. Let s = z + -121. Calculate the greatest common factor of s and 19.
19
Suppose 3*i - 1544 = -4*x, 13*x + 1030 = 2*i + 16*x. What is the highest common divisor of 96 and i?
32
Let x(h) = -2*h - 10. Let i be x(-7). Let o be 110/i - 3/6. Let b be (-2 - (-935)/(-5))*((-2)/(-1) + -3). What is the greatest common divisor of o and b?
27
Suppose 4*n = 2*v - 60, 114*n - 141 = -4*v + 115*n. Let l be 2/8 - (-680)/(-32). Let k = l + 30. What is the highest common factor of k and v?
9
Let w(o) = -8*o - 2*o + 18 + 21*o. Let l be w(0). What is the highest common factor of 27 and l?
9
Let k = 174 + -114. Suppose 4*i - 36 = k. Let j = i - -53. What is the highest common divisor of j and 11?
11
Suppose 0 = 3*c - i - 96, -3*c + 8 = -3*i - 88. Let m = -33612 + 33616. Calculate the greatest common factor of m and c.
4
Let m be 33/(-27) + 2/9 - -4. Let k = 149 - -3. Suppose 4*w + 5*q - k = 0, -2*q = w + q - 45. Calculate the greatest common factor of w and m.
3
Let p = 486 + -462. Suppose 5*d = 4*v - 31, -6*v - 3*d - p = -9*v. What is the highest common factor of v and 21?
3
Let k be (227/(-2))/(31/124). Let r = -442 - k. What is the highest common factor of 132 and r?
12
Let t(v) = -v**2 + 25*v + 2082. Let j be t(58). Calculate the greatest common factor of j and 378.
42
Let h be 2/5 + 594/15. Let x be ((-48)